{"version":"1.0","provider_name":"BJCKM","provider_url":"https:\/\/www.bjckm.de","author_name":"Benjamin Bialetzki","author_url":"https:\/\/www.bjckm.de\/index.php\/author\/benjamin\/","title":"Herbsttreffen *digital* - BJCKM","type":"rich","width":600,"height":338,"html":"<blockquote class=\"wp-embedded-content\" data-secret=\"bntRcepSy7\"><a href=\"https:\/\/www.bjckm.de\/index.php\/herbsttreffen-digital\/\">Herbsttreffen *digital*<\/a><\/blockquote><iframe sandbox=\"allow-scripts\" security=\"restricted\" src=\"https:\/\/www.bjckm.de\/index.php\/herbsttreffen-digital\/embed\/#?secret=bntRcepSy7\" width=\"600\" height=\"338\" title=\"&#8222;Herbsttreffen *digital*&#8220; &#8211; BJCKM\" data-secret=\"bntRcepSy7\" frameborder=\"0\" marginwidth=\"0\" marginheight=\"0\" scrolling=\"no\" class=\"wp-embedded-content\"><\/iframe><script type=\"text\/javascript\">\n\/* <![CDATA[ *\/\n\/*! This file is auto-generated *\/\n!function(d,l){\"use strict\";l.querySelector&&d.addEventListener&&\"undefined\"!=typeof URL&&(d.wp=d.wp||{},d.wp.receiveEmbedMessage||(d.wp.receiveEmbedMessage=function(e){var t=e.data;if((t||t.secret||t.message||t.value)&&!\/[^a-zA-Z0-9]\/.test(t.secret)){for(var s,r,n,a=l.querySelectorAll('iframe[data-secret=\"'+t.secret+'\"]'),o=l.querySelectorAll('blockquote[data-secret=\"'+t.secret+'\"]'),c=new RegExp(\"^https?:$\",\"i\"),i=0;i<o.length;i++)o[i].style.display=\"none\";for(i=0;i<a.length;i++)s=a[i],e.source===s.contentWindow&&(s.removeAttribute(\"style\"),\"height\"===t.message?(1e3<(r=parseInt(t.value,10))?r=1e3:~~r<200&&(r=200),s.height=r):\"link\"===t.message&&(r=new URL(s.getAttribute(\"src\")),n=new URL(t.value),c.test(n.protocol))&&n.host===r.host&&l.activeElement===s&&(d.top.location.href=t.value))}},d.addEventListener(\"message\",d.wp.receiveEmbedMessage,!1),l.addEventListener(\"DOMContentLoaded\",function(){for(var e,t,s=l.querySelectorAll(\"iframe.wp-embedded-content\"),r=0;r<s.length;r++)(t=(e=s[r]).getAttribute(\"data-secret\"))||(t=Math.random().toString(36).substring(2,12),e.src+=\"#?secret=\"+t,e.setAttribute(\"data-secret\",t)),e.contentWindow.postMessage({message:\"ready\",secret:t},\"*\")},!1)))}(window,document);\n\/\/# sourceURL=https:\/\/www.bjckm.de\/wp-includes\/js\/wp-embed.min.js\n\/* ]]> *\/\n<\/script>\n","thumbnail_url":"https:\/\/www.bjckm.de\/wp-content\/uploads\/2020\/10\/2020_BJCKM_Herbsttreffen_digital-1024x1024.png","thumbnail_width":1024,"thumbnail_height":1024,"description":"Aufgrund der aktuellen Corona-Situation und der bereits geltenden Einschr\u00e4nkungen, sowie der am Mittwoch bei der vorgezogenen Ministerpr\u00e4sidentenkonferenz noch zu erwartenden weiteren Einschr\u00e4nkungen macht es keinen Sinn am Wochenende eine Pr\u00e4senzveranstaltung f\u00fcr das Herbsttreffen zu veranstalten. Daher ist das Herbsttreffen offiziell abgesagt! ? Aber, wir werden uns am Sonntag trotzdem treffen! Am 1. November gibt es ab 10 Uhr das erste"}

Aufgrund der aktuellen Corona-Situation und der bereits geltenden Einschränkungen, sowie der am Mittwoch bei der vorgezogenen Ministerpräsidentenkonferenz noch zu erwartenden weiteren Einschränkungen macht es keinen Sinn am Wochenende eine Präsenzveranstaltung für das Herbsttreffen zu veranstalten. Daher ist das Herbsttreffen offiziell abgesagt! ? Aber, wir werden uns am Sonntag trotzdem treffen! Am 1. November gibt es ab 10 Uhr das erste
