{"id":289,"date":"2019-10-19T21:06:23","date_gmt":"2019-10-19T19:06:23","guid":{"rendered":"http:\/\/www.schuelerleistungsschreiben.de\/?page_id=289"},"modified":"2026-04-13T10:57:28","modified_gmt":"2026-04-13T08:57:28","slug":"bundesjugendleitung","status":"publish","type":"page","link":"https:\/\/www.bjckm.de\/index.php\/ueber-uns\/bundesjugendleitung\/","title":{"rendered":"Bundesjugendleitung"},"content":{"rendered":"<h5>Wer sind wir?<\/h5>\n<p>Die Bundesjugendleitung besteht aus der Bundesjugendleiterin (Zoe), ihren beiden Stellvertretern (Larissa und Justin) sowie dem Rechner (Miro). Daneben gibt es noch Mitarbeiter und ehrenamtliche Helfer. Wir alle organisieren und planen Aktionen und Wettschreiben f\u00fcr euch.<\/p>\n<h5>Was machen wir dabei genau?<\/h5>\n<p>Unsere Hauptt\u00e4tigkeit liegt in der Durchf\u00fchrung des Bundesjugendschreibens und der Siegerehrung mit den Bundessiegern. Dabei werden wir von Textern und Helfern unterst\u00fctzt. Aber auch die Deutschen Meisterschaften des Stenografenbundes werden durch uns mitgestaltet \u2013 durch Spielenachmittage, Bowling oder sonstige Aktionen. Der Fantasie sind keine Grenzen gesetzt. Wir f\u00fchren aber auch gern weitere Seminare und Aktionen durch. Wir sind f\u00fcr alle Ideen zu haben!<\/p>\n<h4>Die Bundesjugendleitung<\/h4>\n<h5>Bundesjugendleiterin<!--<img loading=\"lazy\" decoding=\"async\" class=\"wp-image-365 alignright\" src=\"http:\/\/www.schuelerleistungsschreiben.de\/wp-content\/uploads\/2019\/10\/Hoos_Roman_2019-213x300.jpg\" alt=\"\" width=\"142\" height=\"200\" srcset=\"https:\/\/www.bjckm.de\/wp-content\/uploads\/2019\/10\/Hoos_Roman_2019-213x300.jpg 213w, https:\/\/www.bjckm.de\/wp-content\/uploads\/2019\/10\/Hoos_Roman_2019.jpg 229w\" sizes=\"auto, (max-width: 142px) 100vw, 142px\" \/>--><\/h5>\n<p><strong>Zoe Maria Grendel<\/strong><br \/>\nB\u00fcdingen<br \/>\nJahrgang 2005<br \/>\nzoe@bjckm.de<\/p>\n<div class=\"su-spoiler su-spoiler-style-default su-spoiler-icon-plus su-spoiler-closed\" data-scroll-offset=\"0\" data-anchor-in-url=\"no\"><div class=\"su-spoiler-title\" tabindex=\"0\" role=\"button\"><span class=\"su-spoiler-icon\"><\/span>Steckbrief<\/div><div class=\"su-spoiler-content su-u-clearfix su-u-trim\"><div class=\"su-table su-table-responsive su-table-alternate\">\n<table>\n<tbody>\n<tr>\n<td style=\"width: 40%\">Seit wann bist du bei der BJCKM aktiv?<\/td>\n<td>Seit dem Herbsttreffen 2022 in Bad Neuenahr \/ Ahrweiler.<\/td>\n<\/tr>\n<tr>\n<td>F\u00fcr welchen Verein schreibst du?<\/td>\n<td>F\u00fcr den ZVB Obertshausen.<\/td>\n<\/tr>\n<tr>\n<td>Strand oder Berge?<\/td>\n<td>Beides.<\/td>\n<\/tr>\n<tr>\n<td>Wann war dein erstes Wettschreiben?<\/td>\n<td>2021, die Hessischen Einzelmeisterschaften.<\/td>\n<\/tr>\n<tr>\n<td>Was sind deine gr\u00f6\u00dften Erfolge?<\/td>\n<td>Bundesjugendsiegerin und Deutsche Meisterin.<\/td>\n<\/tr>\n<tr>\n<td>Schreibst du Steno?<\/td>\n<td>Ja.<\/td>\n<\/tr>\n<tr>\n<td>Was machst du aktuell?<\/td>\n<td>Ich studiere Lehramt.<\/td>\n<\/tr>\n<tr>\n<td>Was machst du in deiner Freizeit?<\/td>\n<td>Neben Tastschreiben gehe ich reiten und Skifahren.<\/td>\n<\/tr>\n<\/tbody>\n<\/table>\n<\/div><\/div><\/div>\n<h5>Stellvertretende Bundesjugendleiterin<!--<img loading=\"lazy\" decoding=\"async\" class=\"wp-image-366 alignright\" src=\"http:\/\/www.schuelerleistungsschreiben.de\/wp-content\/uploads\/2019\/10\/Knehans_Annika_2019-223x300.jpg\" alt=\"\" width=\"149\" height=\"200\" srcset=\"https:\/\/www.bjckm.de\/wp-content\/uploads\/2019\/10\/Knehans_Annika_2019-223x300.jpg 223w, https:\/\/www.bjckm.de\/wp-content\/uploads\/2019\/10\/Knehans_Annika_2019.jpg 241w\" sizes=\"auto, (max-width: 149px) 100vw, 149px\" \/>--><\/h5>\n<p><strong>Larissa Sch\u00e4fer<\/strong><br \/>\nSenden<br \/>\nJahrgang 2004<br \/>\nlarissa@bjckm.de<\/p>\n<div class=\"su-spoiler su-spoiler-style-default su-spoiler-icon-plus su-spoiler-closed\" data-scroll-offset=\"0\" data-anchor-in-url=\"no\"><div class=\"su-spoiler-title\" tabindex=\"0\" role=\"button\"><span class=\"su-spoiler-icon\"><\/span>Steckbrief<\/div><div class=\"su-spoiler-content su-u-clearfix su-u-trim\"><div class=\"su-table su-table-responsive su-table-alternate\">\n<table>\n<tbody>\n<tr>\n<td style=\"width: 40%\">Seit wann bist du bei der BJCKM aktiv?<\/td>\n<td>Seit dem Herbsttreffen 2022 in Bad Neuenahr \/ Ahrweiler.<\/td>\n<\/tr>\n<tr>\n<td>F\u00fcr welchen Verein schreibst du?<\/td>\n<td>F\u00fcr den StMV Neukirchen.<\/td>\n<\/tr>\n<tr>\n<td>Strand oder Berge?<\/td>\n<td>Berge.<\/td>\n<\/tr>\n<tr>\n<td>Wann war dein erstes Wettschreiben?<\/td>\n<td>2016, die Deutschen Meisterschaften in Kalkar.<\/td>\n<\/tr>\n<tr>\n<td>Was sind deine gr\u00f6\u00dften Erfolge?<\/td>\n<td>2-maliger f\u00fcnfter Platz bei der Weltmeisterschaft.<\/td>\n<\/tr>\n<tr>\n<td>Schreibst du Steno?<\/td>\n<td>Ja, seit Januar 2016.<\/td>\n<\/tr>\n<tr>\n<td>Was machst du aktuell?<\/td>\n<td>Ich studiere Soziologie.<\/td>\n<\/tr>\n<tr>\n<td>Was machst du in deiner Freizeit?<\/td>\n<td>Neben Tastschreiben mache ich Kraftsport, spiele Fu\u00dfball und h\u00e4kle gerne.<\/td>\n<\/tr>\n<\/tbody>\n<\/table>\n<\/div><\/div><\/div>\n<h5>Stellvertretender Bundesjugendleiter<!--<img loading=\"lazy\" decoding=\"async\" class=\"wp-image-366 alignright\" src=\"http:\/\/www.schuelerleistungsschreiben.de\/wp-content\/uploads\/2019\/10\/Knehans_Annika_2019-223x300.jpg\" alt=\"\" width=\"149\" height=\"200\" srcset=\"https:\/\/www.bjckm.de\/wp-content\/uploads\/2019\/10\/Knehans_Annika_2019-223x300.jpg 223w, https:\/\/www.bjckm.de\/wp-content\/uploads\/2019\/10\/Knehans_Annika_2019.jpg 241w\" sizes=\"auto, (max-width: 149px) 100vw, 149px\" \/>--><\/h5>\n<p><strong>Justin Ulke<\/strong><br \/>\nM\u00fcnster<br \/>\nJahrgang 2004<br \/>\njustin@bjckm.de<\/p>\n<div class=\"su-spoiler su-spoiler-style-default su-spoiler-icon-plus su-spoiler-closed\" data-scroll-offset=\"0\" data-anchor-in-url=\"no\"><div class=\"su-spoiler-title\" tabindex=\"0\" role=\"button\"><span class=\"su-spoiler-icon\"><\/span>Steckbrief<\/div><div class=\"su-spoiler-content su-u-clearfix su-u-trim\"><div class=\"su-table su-table-responsive su-table-alternate\">\n<table>\n<tbody>\n<tr>\n<td style=\"width: 40%\">Seit wann bist du bei der BJCKM aktiv?<\/td>\n<td>Seit dem Herbsttreffen 2023 in Aachen.<\/td>\n<\/tr>\n<tr>\n<td>F\u00fcr welchen Verein schreibst du?<\/td>\n<td>F\u00fcr den StV D\u00fclmen.<\/td>\n<\/tr>\n<tr>\n<td>Strand oder Berge?<\/td>\n<td>Strand.<\/td>\n<\/tr>\n<tr>\n<td>Wann war dein erstes Wettschreiben?<\/td>\n<td>2015, die Deutschen Meisterschaften in Haltern am See.<\/td>\n<\/tr>\n<tr>\n<td>Was sind deine gr\u00f6\u00dften Erfolge?<\/td>\n<td>Bundesjugendsieger und Deutscher Meister.<\/td>\n<\/tr>\n<tr>\n<td>Schreibst du Steno?<\/td>\n<td>Nein.<\/td>\n<\/tr>\n<tr>\n<td>Was machst du aktuell?<\/td>\n<td>Ich mache ein Duales Studium in der IT.<\/td>\n<\/tr>\n<tr>\n<td>Was machst du in deiner Freizeit?<\/td>\n<td>Neben Tastschreiben spiele ich Darts und Tischtennis.<\/td>\n<\/tr>\n<\/tbody>\n<\/table>\n<\/div><\/div><\/div>\n<h5>Bundesjugendrechner<!--<img loading=\"lazy\" decoding=\"async\" class=\"alignright wp-image-791\" src=\"https:\/\/www.bjckm.de\/wp-content\/uploads\/2020\/03\/kempermann_thorsten_2020-e1584212312636-251x300.jpeg\" alt=\"\" width=\"151\" height=\"180\" srcset=\"https:\/\/www.bjckm.de\/wp-content\/uploads\/2020\/03\/kempermann_thorsten_2020-e1584212312636-251x300.jpeg 251w, https:\/\/www.bjckm.de\/wp-content\/uploads\/2020\/03\/kempermann_thorsten_2020-e1584212312636.jpeg 288w\" sizes=\"auto, (max-width: 151px) 100vw, 151px\" \/>--><\/h5>\n<p><strong>Miro Hoogland<\/strong><br \/>\nD\u00fclmen<br \/>\nJahrgang 2004<br \/>\nmiro@bjckm.de<\/p>\n<div class=\"su-spoiler su-spoiler-style-default su-spoiler-icon-plus su-spoiler-closed\" data-scroll-offset=\"0\" data-anchor-in-url=\"no\"><div class=\"su-spoiler-title\" tabindex=\"0\" role=\"button\"><span class=\"su-spoiler-icon\"><\/span>Steckbrief<\/div><div class=\"su-spoiler-content su-u-clearfix su-u-trim\"><div class=\"su-table su-table-responsive su-table-alternate\">\n<table>\n<tbody>\n<tr>\n<td style=\"width: 40%\">Seit wann bist du bei der BJCKM aktiv?<\/td>\n<td>Seit dem Herbsttreffen 2023 in Aachen.<\/td>\n<\/tr>\n<tr>\n<td>F\u00fcr welchen Verein schreibst du?<\/td>\n<td>F\u00fcr den StV D\u00fclmen.<\/td>\n<\/tr>\n<tr>\n<td>Strand oder Berge?<\/td>\n<td>Berge.<\/td>\n<\/tr>\n<tr>\n<td>Wann war dein erstes Wettschreiben?<\/td>\n<td>2023, die Deutschen Meisterschaften in Bad Breisig.<\/td>\n<\/tr>\n<tr>\n<td>Was sind deine gr\u00f6\u00dften Erfolge?<\/td>\n<td>Deutscher Meister in der Mannschaft.<\/td>\n<\/tr>\n<tr>\n<td>Schreibst du Steno?<\/td>\n<td>Nein.<\/td>\n<\/tr>\n<tr>\n<td>Was machst du aktuell?<\/td>\n<td>Ich studiere Cyber Security.<\/td>\n<\/tr>\n<tr>\n<td>Was machst du in deiner Freizeit?<\/td>\n<td>Neben Tastschreiben mache ich Jiu Jitsu und bin in der Sportjugend aktiv.<\/td>\n<\/tr>\n<\/tbody>\n<\/table>\n<\/div><\/div><\/div>\n","protected":false},"excerpt":{"rendered":"<p>Wer sind wir? Die Bundesjugendleitung besteht aus der Bundesjugendleiterin (Zoe), ihren beiden Stellvertretern (Larissa und Justin) sowie dem Rechner (Miro). Daneben gibt es noch Mitarbeiter und ehrenamtliche Helfer. Wir alle organisieren und planen Aktionen und Wettschreiben f\u00fcr euch. Was machen wir dabei genau? Unsere Hauptt\u00e4tigkeit liegt in der Durchf\u00fchrung des Bundesjugendschreibens und der Siegerehrung mit den Bundessiegern. Dabei werden wir<\/p>\n","protected":false},"author":4,"featured_media":0,"parent":6,"menu_order":0,"comment_status":"closed","ping_status":"closed","template":"","meta":{"footnotes":""},"class_list":["post-289","page","type-page","status-publish","hentry","","tg-column-two"],"yoast_head":"<!-- This site is optimized with the Yoast SEO plugin v27.4 - https:\/\/yoast.com\/product\/yoast-seo-wordpress\/ -->\n<title>Bundesjugendleitung - BJCKM<\/title>\n<meta name=\"robots\" content=\"index, follow, max-snippet:-1, max-image-preview:large, max-video-preview:-1\" \/>\n<link rel=\"canonical\" href=\"https:\/\/www.bjckm.de\/index.php\/ueber-uns\/bundesjugendleitung\/\" \/>\n<meta property=\"og:locale\" content=\"de_DE\" \/>\n<meta property=\"og:type\" content=\"article\" \/>\n<meta property=\"og:title\" content=\"Bundesjugendleitung - BJCKM\" \/>\n<meta property=\"og:description\" content=\"Wer sind wir? Die Bundesjugendleitung besteht aus der Bundesjugendleiterin (Zoe), ihren beiden Stellvertretern (Larissa und Justin) sowie dem Rechner (Miro). Daneben gibt es noch Mitarbeiter und ehrenamtliche Helfer. Wir alle organisieren und planen Aktionen und Wettschreiben f\u00fcr euch. Was machen wir dabei genau? Unsere Hauptt\u00e4tigkeit liegt in der Durchf\u00fchrung des Bundesjugendschreibens und der Siegerehrung mit den Bundessiegern. Dabei werden wir\" \/>\n<meta property=\"og:url\" content=\"https:\/\/www.bjckm.de\/index.php\/ueber-uns\/bundesjugendleitung\/\" \/>\n<meta property=\"og:site_name\" content=\"BJCKM\" \/>\n<meta property=\"article:publisher\" content=\"https:\/\/www.facebook.com\/bjckm\" \/>\n<meta property=\"article:modified_time\" content=\"2026-04-13T08:57:28+00:00\" \/>\n<meta property=\"og:image\" content=\"http:\/\/www.schuelerleistungsschreiben.de\/wp-content\/uploads\/2019\/10\/Hoos_Roman_2019-213x300.jpg\" \/>\n<meta name=\"twitter:card\" content=\"summary_large_image\" \/>\n<meta name=\"twitter:site\" content=\"@bjckm_steno\" \/>\n<meta name=\"twitter:label1\" content=\"Gesch\u00e4tzte Lesezeit\" \/>\n\t<meta name=\"twitter:data1\" content=\"3\u00a0Minuten\" \/>\n<script type=\"application\/ld+json\" class=\"yoast-schema-graph\">{\"@context\":\"https:\\\/\\\/schema.org\",\"@graph\":[{\"@type\":\"WebPage\",\"@id\":\"https:\\\/\\\/www.bjckm.de\\\/index.php\\\/ueber-uns\\\/bundesjugendleitung\\\/\",\"url\":\"https:\\\/\\\/www.bjckm.de\\\/index.php\\\/ueber-uns\\\/bundesjugendleitung\\\/\",\"name\":\"Bundesjugendleitung - BJCKM\",\"isPartOf\":{\"@id\":\"https:\\\/\\\/www.bjckm.de\\\/#website\"},\"primaryImageOfPage\":{\"@id\":\"https:\\\/\\\/www.bjckm.de\\\/index.php\\\/ueber-uns\\\/bundesjugendleitung\\\/#primaryimage\"},\"image\":{\"@id\":\"https:\\\/\\\/www.bjckm.de\\\/index.php\\\/ueber-uns\\\/bundesjugendleitung\\\/#primaryimage\"},\"thumbnailUrl\":\"http:\\\/\\\/www.schuelerleistungsschreiben.de\\\/wp-content\\\/uploads\\\/2019\\\/10\\\/Hoos_Roman_2019-213x300.jpg\",\"datePublished\":\"2019-10-19T19:06:23+00:00\",\"dateModified\":\"2026-04-13T08:57:28+00:00\",\"breadcrumb\":{\"@id\":\"https:\\\/\\\/www.bjckm.de\\\/index.php\\\/ueber-uns\\\/bundesjugendleitung\\\/#breadcrumb\"},\"inLanguage\":\"de\",\"potentialAction\":[{\"@type\":\"ReadAction\",\"target\":[\"https:\\\/\\\/www.bjckm.de\\\/index.php\\\/ueber-uns\\\/bundesjugendleitung\\\/\"]}]},{\"@type\":\"ImageObject\",\"inLanguage\":\"de\",\"@id\":\"https:\\\/\\\/www.bjckm.de\\\/index.php\\\/ueber-uns\\\/bundesjugendleitung\\\/#primaryimage\",\"url\":\"http:\\\/\\\/www.schuelerleistungsschreiben.de\\\/wp-content\\\/uploads\\\/2019\\\/10\\\/Hoos_Roman_2019-213x300.jpg\",\"contentUrl\":\"http:\\\/\\\/www.schuelerleistungsschreiben.de\\\/wp-content\\\/uploads\\\/2019\\\/10\\\/Hoos_Roman_2019-213x300.jpg\"},{\"@type\":\"BreadcrumbList\",\"@id\":\"https:\\\/\\\/www.bjckm.de\\\/index.php\\\/ueber-uns\\\/bundesjugendleitung\\\/#breadcrumb\",\"itemListElement\":[{\"@type\":\"ListItem\",\"position\":1,\"name\":\"Startseite\",\"item\":\"https:\\\/\\\/www.bjckm.de\\\/\"},{\"@type\":\"ListItem\",\"position\":2,\"name\":\"\u00dcber uns\",\"item\":\"https:\\\/\\\/www.bjckm.de\\\/index.php\\\/ueber-uns\\\/\"},{\"@type\":\"ListItem\",\"position\":3,\"name\":\"Bundesjugendleitung\"}]},{\"@type\":\"WebSite\",\"@id\":\"https:\\\/\\\/www.bjckm.de\\\/#website\",\"url\":\"https:\\\/\\\/www.bjckm.de\\\/\",\"name\":\"BJCKM\",\"description\":\"Bundesjugend f\u00fcr Computer, Kurzschrift und Medien\",\"publisher\":{\"@id\":\"https:\\\/\\\/www.bjckm.de\\\/#organization\"},\"potentialAction\":[{\"@type\":\"SearchAction\",\"target\":{\"@type\":\"EntryPoint\",\"urlTemplate\":\"https:\\\/\\\/www.bjckm.de\\\/?s={search_term_string}\"},\"query-input\":{\"@type\":\"PropertyValueSpecification\",\"valueRequired\":true,\"valueName\":\"search_term_string\"}}],\"inLanguage\":\"de\"},{\"@type\":\"Organization\",\"@id\":\"https:\\\/\\\/www.bjckm.de\\\/#organization\",\"name\":\"Bundesjugend f\u00fcr Computer, Kurzschrift und Medien\",\"url\":\"https:\\\/\\\/www.bjckm.de\\\/\",\"logo\":{\"@type\":\"ImageObject\",\"inLanguage\":\"de\",\"@id\":\"https:\\\/\\\/www.bjckm.de\\\/#\\\/schema\\\/logo\\\/image\\\/\",\"url\":\"https:\\\/\\\/www.bjckm.de\\\/wp-content\\\/uploads\\\/2019\\\/10\\\/cropped-logo_bjckm_farbe_text_12000x3375-e1571842379885.png\",\"contentUrl\":\"https:\\\/\\\/www.bjckm.de\\\/wp-content\\\/uploads\\\/2019\\\/10\\\/cropped-logo_bjckm_farbe_text_12000x3375-e1571842379885.png\",\"width\":583,\"height\":115,\"caption\":\"Bundesjugend f\u00fcr Computer, Kurzschrift und Medien\"},\"image\":{\"@id\":\"https:\\\/\\\/www.bjckm.de\\\/#\\\/schema\\\/logo\\\/image\\\/\"},\"sameAs\":[\"https:\\\/\\\/www.facebook.com\\\/bjckm\",\"https:\\\/\\\/x.com\\\/bjckm_steno\",\"https:\\\/\\\/www.instagram.com\\\/bjckm19\"]}]}<\/script>\n<!-- \/ Yoast SEO plugin. -->","yoast_head_json":{"title":"Bundesjugendleitung - BJCKM","robots":{"index":"index","follow":"follow","max-snippet":"max-snippet:-1","max-image-preview":"max-image-preview:large","max-video-preview":"max-video-preview:-1"},"canonical":"https:\/\/www.bjckm.de\/index.php\/ueber-uns\/bundesjugendleitung\/","og_locale":"de_DE","og_type":"article","og_title":"Bundesjugendleitung - BJCKM","og_description":"Wer sind wir? Die Bundesjugendleitung besteht aus der Bundesjugendleiterin (Zoe), ihren beiden Stellvertretern (Larissa und Justin) sowie dem Rechner (Miro). Daneben gibt es noch Mitarbeiter und ehrenamtliche Helfer. Wir alle organisieren und planen Aktionen und Wettschreiben f\u00fcr euch. Was machen wir dabei genau? Unsere Hauptt\u00e4tigkeit liegt in der Durchf\u00fchrung des Bundesjugendschreibens und der Siegerehrung mit den Bundessiegern. Dabei werden wir","og_url":"https:\/\/www.bjckm.de\/index.php\/ueber-uns\/bundesjugendleitung\/","og_site_name":"BJCKM","article_publisher":"https:\/\/www.facebook.com\/bjckm","article_modified_time":"2026-04-13T08:57:28+00:00","og_image":[{"url":"http:\/\/www.schuelerleistungsschreiben.de\/wp-content\/uploads\/2019\/10\/Hoos_Roman_2019-213x300.jpg","type":"","width":"","height":""}],"twitter_card":"summary_large_image","twitter_site":"@bjckm_steno","twitter_misc":{"Gesch\u00e4tzte Lesezeit":"3\u00a0Minuten"},"schema":{"@context":"https:\/\/schema.org","@graph":[{"@type":"WebPage","@id":"https:\/\/www.bjckm.de\/index.php\/ueber-uns\/bundesjugendleitung\/","url":"https:\/\/www.bjckm.de\/index.php\/ueber-uns\/bundesjugendleitung\/","name":"Bundesjugendleitung - BJCKM","isPartOf":{"@id":"https:\/\/www.bjckm.de\/#website"},"primaryImageOfPage":{"@id":"https:\/\/www.bjckm.de\/index.php\/ueber-uns\/bundesjugendleitung\/#primaryimage"},"image":{"@id":"https:\/\/www.bjckm.de\/index.php\/ueber-uns\/bundesjugendleitung\/#primaryimage"},"thumbnailUrl":"http:\/\/www.schuelerleistungsschreiben.de\/wp-content\/uploads\/2019\/10\/Hoos_Roman_2019-213x300.jpg","datePublished":"2019-10-19T19:06:23+00:00","dateModified":"2026-04-13T08:57:28+00:00","breadcrumb":{"@id":"https:\/\/www.bjckm.de\/index.php\/ueber-uns\/bundesjugendleitung\/#breadcrumb"},"inLanguage":"de","potentialAction":[{"@type":"ReadAction","target":["https:\/\/www.bjckm.de\/index.php\/ueber-uns\/bundesjugendleitung\/"]}]},{"@type":"ImageObject","inLanguage":"de","@id":"https:\/\/www.bjckm.de\/index.php\/ueber-uns\/bundesjugendleitung\/#primaryimage","url":"http:\/\/www.schuelerleistungsschreiben.de\/wp-content\/uploads\/2019\/10\/Hoos_Roman_2019-213x300.jpg","contentUrl":"http:\/\/www.schuelerleistungsschreiben.de\/wp-content\/uploads\/2019\/10\/Hoos_Roman_2019-213x300.jpg"},{"@type":"BreadcrumbList","@id":"https:\/\/www.bjckm.de\/index.php\/ueber-uns\/bundesjugendleitung\/#breadcrumb","itemListElement":[{"@type":"ListItem","position":1,"name":"Startseite","item":"https:\/\/www.bjckm.de\/"},{"@type":"ListItem","position":2,"name":"\u00dcber uns","item":"https:\/\/www.bjckm.de\/index.php\/ueber-uns\/"},{"@type":"ListItem","position":3,"name":"Bundesjugendleitung"}]},{"@type":"WebSite","@id":"https:\/\/www.bjckm.de\/#website","url":"https:\/\/www.bjckm.de\/","name":"BJCKM","description":"Bundesjugend f\u00fcr Computer, Kurzschrift und Medien","publisher":{"@id":"https:\/\/www.bjckm.de\/#organization"},"potentialAction":[{"@type":"SearchAction","target":{"@type":"EntryPoint","urlTemplate":"https:\/\/www.bjckm.de\/?s={search_term_string}"},"query-input":{"@type":"PropertyValueSpecification","valueRequired":true,"valueName":"search_term_string"}}],"inLanguage":"de"},{"@type":"Organization","@id":"https:\/\/www.bjckm.de\/#organization","name":"Bundesjugend f\u00fcr Computer, Kurzschrift und Medien","url":"https:\/\/www.bjckm.de\/","logo":{"@type":"ImageObject","inLanguage":"de","@id":"https:\/\/www.bjckm.de\/#\/schema\/logo\/image\/","url":"https:\/\/www.bjckm.de\/wp-content\/uploads\/2019\/10\/cropped-logo_bjckm_farbe_text_12000x3375-e1571842379885.png","contentUrl":"https:\/\/www.bjckm.de\/wp-content\/uploads\/2019\/10\/cropped-logo_bjckm_farbe_text_12000x3375-e1571842379885.png","width":583,"height":115,"caption":"Bundesjugend f\u00fcr Computer, Kurzschrift und Medien"},"image":{"@id":"https:\/\/www.bjckm.de\/#\/schema\/logo\/image\/"},"sameAs":["https:\/\/www.facebook.com\/bjckm","https:\/\/x.com\/bjckm_steno","https:\/\/www.instagram.com\/bjckm19"]}]}},"_links":{"self":[{"href":"https:\/\/www.bjckm.de\/index.php\/wp-json\/wp\/v2\/pages\/289","targetHints":{"allow":["GET"]}}],"collection":[{"href":"https:\/\/www.bjckm.de\/index.php\/wp-json\/wp\/v2\/pages"}],"about":[{"href":"https:\/\/www.bjckm.de\/index.php\/wp-json\/wp\/v2\/types\/page"}],"author":[{"embeddable":true,"href":"https:\/\/www.bjckm.de\/index.php\/wp-json\/wp\/v2\/users\/4"}],"replies":[{"embeddable":true,"href":"https:\/\/www.bjckm.de\/index.php\/wp-json\/wp\/v2\/comments?post=289"}],"version-history":[{"count":17,"href":"https:\/\/www.bjckm.de\/index.php\/wp-json\/wp\/v2\/pages\/289\/revisions"}],"predecessor-version":[{"id":2472,"href":"https:\/\/www.bjckm.de\/index.php\/wp-json\/wp\/v2\/pages\/289\/revisions\/2472"}],"up":[{"embeddable":true,"href":"https:\/\/www.bjckm.de\/index.php\/wp-json\/wp\/v2\/pages\/6"}],"wp:attachment":[{"href":"https:\/\/www.bjckm.de\/index.php\/wp-json\/wp\/v2\/media?parent=289"}],"curies":[{"name":"wp","href":"https:\/\/api.w.org\/{rel}","templated":true}]}}