{"id":40,"date":"2019-08-22T23:23:06","date_gmt":"2019-08-22T21:23:06","guid":{"rendered":"http:\/\/www.schuelerleistungsschreiben.de\/?page_id=40"},"modified":"2025-07-21T11:23:04","modified_gmt":"2025-07-21T09:23:04","slug":"faq","status":"publish","type":"page","link":"https:\/\/www.bjckm.de\/index.php\/bundesjugendschreiben\/faq\/","title":{"rendered":"H\u00e4ufig gestellte Fragen zum Bundesjugendschreiben"},"content":{"rendered":"<h4>Was kostet das Bundesjugendschreiben?<\/h4>\n<blockquote><p><span style=\"font-family: Roboto, non-serif; font-size: 12pt;\"><strong><em>Die Kosten f\u00fcr das Bundesjugendschreiben setzen sich aus zwei Teilen zusammen:<\/em><\/strong><br \/>\n<em>1. Grundbetrag:<\/em><em><strong><br \/>\n<\/strong>\u2013 7,00 \u20ac\u00b9 pro Veranstalter<\/em><br \/>\n<em>2. Urkunden:<\/em><em><strong><br \/>\n<\/strong>\u2013 1,30 \u20ac pro Teilnehmer\u00b2 (2,30 \u20ac f\u00fcr Teilnehmer ab 27 Jahren)<\/em><br \/>\n<em>\u2013 3,00 \u20ac pro Staffel im Staffelwettbewerb<\/em><\/span><\/p>\n<hr \/>\n<p><em><span style=\"font-family: Roboto, non-serif; font-size: 9pt;\">\u00b9 Der Grundbetrag enth\u00e4lt alle n\u00f6tigen Werbemittel, Ansagetexte, Textvorlagen, Ergebnis- und Siegerlisten.<br \/>\n\u00b2 Bei Online-Abgabe der Ergebnisse. Bei Abgabe analoger Ergebnislisten 1,80 \u20ac\/Teilnehmer (2,80 \u20ac f\u00fcr Teilnehmer ab 27 Jahren)<\/span><\/em><\/p><\/blockquote>\n<h4>Wie funktioniert das Bundesjugendschreiben und wie laufen die einzelnen Wettbewerbe ab?<\/h4>\n<blockquote><p><span style=\"font-family: Roboto, non-serif; font-size: 12pt;\">Eine kurze Zusammenfassung des Bundesjugendschreibens und Erkl\u00e4rungen zu den Wettbewerben und ihrem Ablauf finden Sie <a href=\"https:\/\/www.bjckm.de\/index.php\/bundesjugendschreiben\/info-bjs\/\" target=\"_blank\" rel=\"noopener noreferrer\">hier<\/a>.<\/span><\/p><\/blockquote>\n<h4>Ich habe mich noch nicht als Veranstalter registriert, der Wettbewerb l\u00e4uft aber schon. Kann ich mit meinen Sch\u00fclern doch noch teilnehmen?<\/h4>\n<blockquote><p><span style=\"font-family: Roboto, non-serif; font-size: 12pt;\">Ja, das k\u00f6nnen Sie ohne Probleme! <a href=\"https:\/\/www.bjckm.de\/index.php\/bundesjugendschreiben\/bjs-veranstaltermeldung\/\" target=\"_blank\" rel=\"noopener\">Melden Sie sich einfach als Veranstalter an<\/a> und Sie erhalten Zugang zu den Wettbewerbstexten. Veranstalteranmeldungen sind w\u00e4hrend des gesamten Durchf\u00fchrungszeitraums des 53. Bundesjugendschreibens m\u00f6glich, auch nach Meldeschluss f\u00fcr die Ergebnislisten!<\/span><\/p><\/blockquote>\n<h4>Wann ist Meldeschluss?<\/h4>\n<blockquote><p><span style=\"font-family: Roboto, non-serif; font-size: 12pt;\">Der Meldeschluss f\u00fcr die Ergebnisse des 53. Bundesjugendschreibens ist der <strong>13. Juni 2026<\/strong>. Voraussichtlich am 15. Juni 2026 werden die Ergebnisse ver\u00f6ffentlicht.<\/span><\/p><\/blockquote>\n<h4>Kann ich auch nach Meldeschluss noch Korrekturen vornehmen oder Ergebnisse eingeben?<\/h4>\n<blockquote><p><span style=\"font-family: Roboto, non-serif; font-size: 12pt;\">Ja, das ist problemlos m\u00f6glich. Urkunden stellen wir nach wie vor aus, allerdings gehen diese Teilnehmer nicht mehr in die Siegerliste des Bundesjugendschreibens 2025\/2026 ein, die mit Ablauf des 13. Juni 2026 festgeschrieben wird.<br \/>\n<\/span><\/p><\/blockquote>\n<h4>Was passiert mit den eingegebenen Ergebnissen, wenn ich den Urkundendruck nicht bis zum Meldeschluss veranlasse?<\/h4>\n<blockquote><p><span style=\"font-family: Roboto, non-serif; font-size: 12pt;\">Mit dem Meldeschluss werden automatisch alle erfassten Ergebnisse zum Druck freigegeben, die noch nicht bereits gedruckt sind. Achten Sie bitte darauf, dass Sie eventuelle Testeingaben rechtzeitig l\u00f6schen.<\/span><\/p><\/blockquote>\n<h4>Wie kann ich erkennen, ob meine Daten verarbeitet und die Urkunden ausgedruckt wurden?<\/h4>\n<blockquote><p><span style=\"font-family: Roboto, non-serif; font-size: 12pt;\">Jedes eingegebene Ergebnis hat in der Listenansicht einen Status. Dieser ist &#8222;Wartet auf Ihre Freigabe&#8220;, so lange Sie den Druck noch nicht freigegeben haben. Mit Ihrer Freigabe \u00e4ndert er sich auf &#8222;zum Druck freigegeben&#8220;, sp\u00e4ter auf &#8222;Druckjob erstellt&#8220; und &#8222;gedruckt&#8220;. Sobald die Urkunden auf dem Postweg sind, steht dort &#8222;versandt&#8220;.<\/span><\/p><\/blockquote>\n<h4>Wie lange speichern Sie die Ergebnisse des Bundesjugendschreibens?<\/h4>\n<blockquote><p><span style=\"font-family: Roboto, non-serif; font-size: 12pt;\">Die Ergebnisse eines Bundesjugendschreibens werden von uns im vierten Jahr nach der Durchf\u00fchrung gel\u00f6scht. Bis dahin sind sie \u00fcber das BJS-Portal abrufbar. Sollten Sie bereits vorher eine Entfernung w\u00fcnschen, so kontaktieren Sie uns bitte.<\/span><\/p><\/blockquote>\n<h4>Wer kann mir weiterhelfen bei weiteren Fragen?<\/h4>\n<blockquote><p><span style=\"font-family: Roboto, non-serif; font-size: 12pt;\">Schicken Sie uns am besten eine E-Mail an <a href=\"mailto:bjs@bjckm.de\">bjs@bjckm.de<\/a>\u00a0&#8211; und wir k\u00fcmmern uns um schnellstm\u00f6gliche Antwort oder Hilfe!<\/span><\/p><\/blockquote>\n","protected":false},"excerpt":{"rendered":"<p>Was kostet das Bundesjugendschreiben? Die Kosten f\u00fcr das Bundesjugendschreiben setzen sich aus zwei Teilen zusammen: 1. Grundbetrag: \u2013 7,00 \u20ac\u00b9 pro Veranstalter 2. Urkunden: \u2013 1,30 \u20ac pro Teilnehmer\u00b2 (2,30 \u20ac f\u00fcr Teilnehmer ab 27 Jahren) \u2013 3,00 \u20ac pro Staffel im Staffelwettbewerb \u00b9 Der Grundbetrag enth\u00e4lt alle n\u00f6tigen Werbemittel, Ansagetexte, Textvorlagen, Ergebnis- und Siegerlisten. \u00b2 Bei Online-Abgabe der Ergebnisse.<\/p>\n","protected":false},"author":2,"featured_media":0,"parent":30,"menu_order":0,"comment_status":"closed","ping_status":"closed","template":"","meta":{"footnotes":""},"class_list":["post-40","page","type-page","status-publish","hentry","","tg-column-two"],"yoast_head":"<!-- This site is optimized with the Yoast SEO plugin v27.4 - https:\/\/yoast.com\/product\/yoast-seo-wordpress\/ -->\n<title>H\u00e4ufig gestellte Fragen zum Bundesjugendschreiben - BJCKM<\/title>\n<meta name=\"robots\" content=\"index, follow, max-snippet:-1, max-image-preview:large, max-video-preview:-1\" \/>\n<link rel=\"canonical\" href=\"https:\/\/www.bjckm.de\/index.php\/bundesjugendschreiben\/faq\/\" \/>\n<meta property=\"og:locale\" content=\"de_DE\" \/>\n<meta property=\"og:type\" content=\"article\" \/>\n<meta property=\"og:title\" content=\"H\u00e4ufig gestellte Fragen zum Bundesjugendschreiben - BJCKM\" \/>\n<meta property=\"og:description\" content=\"Was kostet das Bundesjugendschreiben? Die Kosten f\u00fcr das Bundesjugendschreiben setzen sich aus zwei Teilen zusammen: 1. Grundbetrag: \u2013 7,00 \u20ac\u00b9 pro Veranstalter 2. Urkunden: \u2013 1,30 \u20ac pro Teilnehmer\u00b2 (2,30 \u20ac f\u00fcr Teilnehmer ab 27 Jahren) \u2013 3,00 \u20ac pro Staffel im Staffelwettbewerb \u00b9 Der Grundbetrag enth\u00e4lt alle n\u00f6tigen Werbemittel, Ansagetexte, Textvorlagen, Ergebnis- und Siegerlisten. \u00b2 Bei Online-Abgabe der Ergebnisse.\" \/>\n<meta property=\"og:url\" content=\"https:\/\/www.bjckm.de\/index.php\/bundesjugendschreiben\/faq\/\" \/>\n<meta property=\"og:site_name\" content=\"BJCKM\" \/>\n<meta property=\"article:publisher\" content=\"https:\/\/www.facebook.com\/bjckm\" \/>\n<meta property=\"article:modified_time\" content=\"2025-07-21T09:23:04+00:00\" \/>\n<meta name=\"twitter:card\" content=\"summary_large_image\" \/>\n<meta name=\"twitter:site\" content=\"@bjckm_steno\" \/>\n<meta name=\"twitter:label1\" content=\"Gesch\u00e4tzte Lesezeit\" \/>\n\t<meta name=\"twitter:data1\" content=\"1\u00a0Minute\" \/>\n<script type=\"application\/ld+json\" class=\"yoast-schema-graph\">{\"@context\":\"https:\\\/\\\/schema.org\",\"@graph\":[{\"@type\":\"WebPage\",\"@id\":\"https:\\\/\\\/www.bjckm.de\\\/index.php\\\/bundesjugendschreiben\\\/faq\\\/\",\"url\":\"https:\\\/\\\/www.bjckm.de\\\/index.php\\\/bundesjugendschreiben\\\/faq\\\/\",\"name\":\"H\u00e4ufig gestellte Fragen zum Bundesjugendschreiben - BJCKM\",\"isPartOf\":{\"@id\":\"https:\\\/\\\/www.bjckm.de\\\/#website\"},\"datePublished\":\"2019-08-22T21:23:06+00:00\",\"dateModified\":\"2025-07-21T09:23:04+00:00\",\"breadcrumb\":{\"@id\":\"https:\\\/\\\/www.bjckm.de\\\/index.php\\\/bundesjugendschreiben\\\/faq\\\/#breadcrumb\"},\"inLanguage\":\"de\",\"potentialAction\":[{\"@type\":\"ReadAction\",\"target\":[\"https:\\\/\\\/www.bjckm.de\\\/index.php\\\/bundesjugendschreiben\\\/faq\\\/\"]}]},{\"@type\":\"BreadcrumbList\",\"@id\":\"https:\\\/\\\/www.bjckm.de\\\/index.php\\\/bundesjugendschreiben\\\/faq\\\/#breadcrumb\",\"itemListElement\":[{\"@type\":\"ListItem\",\"position\":1,\"name\":\"Startseite\",\"item\":\"https:\\\/\\\/www.bjckm.de\\\/\"},{\"@type\":\"ListItem\",\"position\":2,\"name\":\"Bundesjugendschreiben\",\"item\":\"https:\\\/\\\/www.bjckm.de\\\/index.php\\\/bundesjugendschreiben\\\/\"},{\"@type\":\"ListItem\",\"position\":3,\"name\":\"H\u00e4ufig gestellte Fragen zum Bundesjugendschreiben\"}]},{\"@type\":\"WebSite\",\"@id\":\"https:\\\/\\\/www.bjckm.de\\\/#website\",\"url\":\"https:\\\/\\\/www.bjckm.de\\\/\",\"name\":\"BJCKM\",\"description\":\"Bundesjugend f\u00fcr Computer, Kurzschrift und Medien\",\"publisher\":{\"@id\":\"https:\\\/\\\/www.bjckm.de\\\/#organization\"},\"potentialAction\":[{\"@type\":\"SearchAction\",\"target\":{\"@type\":\"EntryPoint\",\"urlTemplate\":\"https:\\\/\\\/www.bjckm.de\\\/?s={search_term_string}\"},\"query-input\":{\"@type\":\"PropertyValueSpecification\",\"valueRequired\":true,\"valueName\":\"search_term_string\"}}],\"inLanguage\":\"de\"},{\"@type\":\"Organization\",\"@id\":\"https:\\\/\\\/www.bjckm.de\\\/#organization\",\"name\":\"Bundesjugend f\u00fcr Computer, Kurzschrift und Medien\",\"url\":\"https:\\\/\\\/www.bjckm.de\\\/\",\"logo\":{\"@type\":\"ImageObject\",\"inLanguage\":\"de\",\"@id\":\"https:\\\/\\\/www.bjckm.de\\\/#\\\/schema\\\/logo\\\/image\\\/\",\"url\":\"https:\\\/\\\/www.bjckm.de\\\/wp-content\\\/uploads\\\/2019\\\/10\\\/cropped-logo_bjckm_farbe_text_12000x3375-e1571842379885.png\",\"contentUrl\":\"https:\\\/\\\/www.bjckm.de\\\/wp-content\\\/uploads\\\/2019\\\/10\\\/cropped-logo_bjckm_farbe_text_12000x3375-e1571842379885.png\",\"width\":583,\"height\":115,\"caption\":\"Bundesjugend f\u00fcr Computer, Kurzschrift und Medien\"},\"image\":{\"@id\":\"https:\\\/\\\/www.bjckm.de\\\/#\\\/schema\\\/logo\\\/image\\\/\"},\"sameAs\":[\"https:\\\/\\\/www.facebook.com\\\/bjckm\",\"https:\\\/\\\/x.com\\\/bjckm_steno\",\"https:\\\/\\\/www.instagram.com\\\/bjckm19\"]}]}<\/script>\n<!-- \/ Yoast SEO plugin. -->","yoast_head_json":{"title":"H\u00e4ufig gestellte Fragen zum Bundesjugendschreiben - BJCKM","robots":{"index":"index","follow":"follow","max-snippet":"max-snippet:-1","max-image-preview":"max-image-preview:large","max-video-preview":"max-video-preview:-1"},"canonical":"https:\/\/www.bjckm.de\/index.php\/bundesjugendschreiben\/faq\/","og_locale":"de_DE","og_type":"article","og_title":"H\u00e4ufig gestellte Fragen zum Bundesjugendschreiben - BJCKM","og_description":"Was kostet das Bundesjugendschreiben? Die Kosten f\u00fcr das Bundesjugendschreiben setzen sich aus zwei Teilen zusammen: 1. Grundbetrag: \u2013 7,00 \u20ac\u00b9 pro Veranstalter 2. Urkunden: \u2013 1,30 \u20ac pro Teilnehmer\u00b2 (2,30 \u20ac f\u00fcr Teilnehmer ab 27 Jahren) \u2013 3,00 \u20ac pro Staffel im Staffelwettbewerb \u00b9 Der Grundbetrag enth\u00e4lt alle n\u00f6tigen Werbemittel, Ansagetexte, Textvorlagen, Ergebnis- und Siegerlisten. \u00b2 Bei Online-Abgabe der Ergebnisse.","og_url":"https:\/\/www.bjckm.de\/index.php\/bundesjugendschreiben\/faq\/","og_site_name":"BJCKM","article_publisher":"https:\/\/www.facebook.com\/bjckm","article_modified_time":"2025-07-21T09:23:04+00:00","twitter_card":"summary_large_image","twitter_site":"@bjckm_steno","twitter_misc":{"Gesch\u00e4tzte Lesezeit":"1\u00a0Minute"},"schema":{"@context":"https:\/\/schema.org","@graph":[{"@type":"WebPage","@id":"https:\/\/www.bjckm.de\/index.php\/bundesjugendschreiben\/faq\/","url":"https:\/\/www.bjckm.de\/index.php\/bundesjugendschreiben\/faq\/","name":"H\u00e4ufig gestellte Fragen zum Bundesjugendschreiben - BJCKM","isPartOf":{"@id":"https:\/\/www.bjckm.de\/#website"},"datePublished":"2019-08-22T21:23:06+00:00","dateModified":"2025-07-21T09:23:04+00:00","breadcrumb":{"@id":"https:\/\/www.bjckm.de\/index.php\/bundesjugendschreiben\/faq\/#breadcrumb"},"inLanguage":"de","potentialAction":[{"@type":"ReadAction","target":["https:\/\/www.bjckm.de\/index.php\/bundesjugendschreiben\/faq\/"]}]},{"@type":"BreadcrumbList","@id":"https:\/\/www.bjckm.de\/index.php\/bundesjugendschreiben\/faq\/#breadcrumb","itemListElement":[{"@type":"ListItem","position":1,"name":"Startseite","item":"https:\/\/www.bjckm.de\/"},{"@type":"ListItem","position":2,"name":"Bundesjugendschreiben","item":"https:\/\/www.bjckm.de\/index.php\/bundesjugendschreiben\/"},{"@type":"ListItem","position":3,"name":"H\u00e4ufig gestellte Fragen zum Bundesjugendschreiben"}]},{"@type":"WebSite","@id":"https:\/\/www.bjckm.de\/#website","url":"https:\/\/www.bjckm.de\/","name":"BJCKM","description":"Bundesjugend f\u00fcr Computer, Kurzschrift und Medien","publisher":{"@id":"https:\/\/www.bjckm.de\/#organization"},"potentialAction":[{"@type":"SearchAction","target":{"@type":"EntryPoint","urlTemplate":"https:\/\/www.bjckm.de\/?s={search_term_string}"},"query-input":{"@type":"PropertyValueSpecification","valueRequired":true,"valueName":"search_term_string"}}],"inLanguage":"de"},{"@type":"Organization","@id":"https:\/\/www.bjckm.de\/#organization","name":"Bundesjugend f\u00fcr Computer, Kurzschrift und Medien","url":"https:\/\/www.bjckm.de\/","logo":{"@type":"ImageObject","inLanguage":"de","@id":"https:\/\/www.bjckm.de\/#\/schema\/logo\/image\/","url":"https:\/\/www.bjckm.de\/wp-content\/uploads\/2019\/10\/cropped-logo_bjckm_farbe_text_12000x3375-e1571842379885.png","contentUrl":"https:\/\/www.bjckm.de\/wp-content\/uploads\/2019\/10\/cropped-logo_bjckm_farbe_text_12000x3375-e1571842379885.png","width":583,"height":115,"caption":"Bundesjugend f\u00fcr Computer, Kurzschrift und Medien"},"image":{"@id":"https:\/\/www.bjckm.de\/#\/schema\/logo\/image\/"},"sameAs":["https:\/\/www.facebook.com\/bjckm","https:\/\/x.com\/bjckm_steno","https:\/\/www.instagram.com\/bjckm19"]}]}},"_links":{"self":[{"href":"https:\/\/www.bjckm.de\/index.php\/wp-json\/wp\/v2\/pages\/40","targetHints":{"allow":["GET"]}}],"collection":[{"href":"https:\/\/www.bjckm.de\/index.php\/wp-json\/wp\/v2\/pages"}],"about":[{"href":"https:\/\/www.bjckm.de\/index.php\/wp-json\/wp\/v2\/types\/page"}],"author":[{"embeddable":true,"href":"https:\/\/www.bjckm.de\/index.php\/wp-json\/wp\/v2\/users\/2"}],"replies":[{"embeddable":true,"href":"https:\/\/www.bjckm.de\/index.php\/wp-json\/wp\/v2\/comments?post=40"}],"version-history":[{"count":15,"href":"https:\/\/www.bjckm.de\/index.php\/wp-json\/wp\/v2\/pages\/40\/revisions"}],"predecessor-version":[{"id":2256,"href":"https:\/\/www.bjckm.de\/index.php\/wp-json\/wp\/v2\/pages\/40\/revisions\/2256"}],"up":[{"embeddable":true,"href":"https:\/\/www.bjckm.de\/index.php\/wp-json\/wp\/v2\/pages\/30"}],"wp:attachment":[{"href":"https:\/\/www.bjckm.de\/index.php\/wp-json\/wp\/v2\/media?parent=40"}],"curies":[{"name":"wp","href":"https:\/\/api.w.org\/{rel}","templated":true}]}}