{"id":77,"date":"2019-08-23T17:54:06","date_gmt":"2019-08-23T15:54:06","guid":{"rendered":"http:\/\/www.schuelerleistungsschreiben.de\/?page_id=77"},"modified":"2020-01-14T03:12:20","modified_gmt":"2020-01-14T02:12:20","slug":"textbearbeitung","status":"publish","type":"page","link":"https:\/\/www.bjckm.de\/index.php\/bundesjugendschreiben\/info-bjs\/textbearbeitung\/","title":{"rendered":"Wettbewerb Textbearbeitung"},"content":{"rendered":"<h5>Um was geht es in diesem Wettbewerb?<\/h5>\n<blockquote><p><span style=\"font-family: Roboto, non-serif; font-size: 12pt;\">In der Textbearbeitung geht es darum, innerhalb von 10 Minuten in einem zuvor geladenen Text m\u00f6glichst viele der auf einer Textvorlage angegebenen Korrekturen auszuf\u00fchren.<\/span><\/p><\/blockquote>\n<h5>Was f\u00fcr Korrekturen m\u00fcssen ausgef\u00fchrt werden?<\/h5>\n<blockquote><p><span style=\"font-family: Roboto, non-serif; font-size: 12pt;\">Korrekturen, die ausgef\u00fchrt werden m\u00fcssen, k\u00f6nnen z. B. Texthervorhebungen wie Fett, Unterstreichen, Kursiv, das L\u00f6schen, Ersetzenoder Verschieben von Zeichen und W\u00f6rtern oder auch Absatzformatierungen wie links- und rechtsb\u00fcndig, Blocksatz oder zentrieren sein.<\/span><\/p><\/blockquote>\n<h5>Und woher wei\u00df ich, welche Korrektur ich wann auszuf\u00fchren habe? Oder muss ich einfach nur eine gewisse Anzahl von jeder Korrektur ausf\u00fchren, darf mir die Stelle aber selbst aussuchen?<\/h5>\n<blockquote><p><span style=\"font-family: Roboto, non-serif; font-size: 12pt;\">Es gibt eine Textvorlage, auf der der gesamte Text, den du bearbeiten musst, abgedruckt ist \u2013 zudem sind am Rand Korrekturzeichen aufgef\u00fchrt, die f\u00fcr jede Korrektur genau bestimmen, wo und wie sie auszuf\u00fchren ist. Die Korrekturzeichen sind in der DIN 16511 genormt, ihr k\u00f6nnt sie euch dort also ansehen und nachschauen, was sie bedeuten. Wenn ihr wissen wollt, wie eine Vorlage aussehen kann, k\u00f6nnt ihr euch die Aufgaben der vergangenen Jahre in unserem Textarchiv ansehen.<\/span><\/p><\/blockquote>\n<h5>Wie funktioniert das mit den Punkten?<\/h5>\n<blockquote><p><span style=\"font-family: Roboto, non-serif; font-size: 12pt;\">F\u00fcr jede richtig ausgef\u00fchrte Korrektur erhaltet ihr 100 Punkte, jeder Fehler kostet euch 250 Punkte. Ihr solltet also gut darauf achten, nicht zu viele Fehler zu machen, denn um einen Fehler \u201eauszugleichen\u201c m\u00fcsst ihr mehr als nur eine richtige Korrektur ausf\u00fchren. Nach dem Ende der Bearbeitungszeit werden die Punkte, die ihr durch eure Korrekturen erreicht habt, zusammenaddiert und dann werden die Fehlerpunkte davon subtrahiert. Wenn ihr also beispielsweise 65 Korrekturen mit 3 Fehlern durchgef\u00fchrt habt, lautet die Rechnung am Ende 65 \u00d7 100 \u2013 3 \u00d7 250 = 5750 Punkte. Das sind also weniger Punkte, als ihr mit 58 richtigen Korrekturen ohne Fehler (58 \u00d7 100 = 5800 Punkte) erreicht h\u00e4ttet.<\/span><\/p><\/blockquote>\n<h5>Wenn ich bei einer Korrektur nicht wei\u00df, was ich machen soll, kann ich diese einfach \u00fcberspringen?<\/h5>\n<blockquote><p><span style=\"font-family: Roboto, non-serif; font-size: 12pt;\">Im Prinzip, ja. Allerdings wird eine nicht ausgef\u00fchrte Korrektur euch am Ende von der Gesamtanzahl eurer Korrekturen abgezogen und zus\u00e4tzlich als Fehler gewertet, d. h. ihr verliert nicht nur 250 Punkte wie bei einer falsch ausgef\u00fchrten Korrektur, sondern sogar 350 (250 Punkte f\u00fcr den Fehler + 100 Punkte f\u00fcr die nicht ausgef\u00fchrte Korrektur).<\/span><\/p><\/blockquote>\n<h5>Wie viele Korrekturen muss ich mindestens ausf\u00fchren, um zu bestehenund wie viele Fehler darf ich machen?<\/h5>\n<blockquote><p><span style=\"font-family: Roboto, non-serif; font-size: 12pt;\">Um zu bestehen, m\u00fcsst ihr mindestens 20 Korrekturen ausf\u00fchren. Die Anzahl der erlaubten Fehler h\u00e4ngt davon ab, wie viele Korrekturen ihr insgesamt ausgef\u00fchrt habt. Wenn ihr zwischen 61 und 80 Korrekturen ausgef\u00fchrt habt, sind maximal 7 Fehler erlaubt, zwischen 81 und 100 Korrekturen sind 8 Fehler erlaubt. Eine genaue Liste aller Fehlerh\u00f6chstzahlen und zus\u00e4tzlich noch weitere wichtige Informationen zum Wettbewerb findet ihr in unserer Wettbewerbsordnung.<\/span><\/p><\/blockquote>\n","protected":false},"excerpt":{"rendered":"<p>Um was geht es in diesem Wettbewerb? In der Textbearbeitung geht es darum, innerhalb von 10 Minuten in einem zuvor geladenen Text m\u00f6glichst viele der auf einer Textvorlage angegebenen Korrekturen auszuf\u00fchren. Was f\u00fcr Korrekturen m\u00fcssen ausgef\u00fchrt werden? Korrekturen, die ausgef\u00fchrt werden m\u00fcssen, k\u00f6nnen z. B. Texthervorhebungen wie Fett, Unterstreichen, Kursiv, das L\u00f6schen, Ersetzenoder Verschieben von Zeichen und W\u00f6rtern oder auch<\/p>\n","protected":false},"author":2,"featured_media":0,"parent":59,"menu_order":2,"comment_status":"closed","ping_status":"closed","template":"","meta":{"footnotes":""},"class_list":["post-77","page","type-page","status-publish","hentry","","tg-column-two"],"yoast_head":"<!-- This site is optimized with the Yoast SEO plugin v27.4 - https:\/\/yoast.com\/product\/yoast-seo-wordpress\/ -->\n<title>Wettbewerb Textbearbeitung - BJCKM<\/title>\n<meta name=\"robots\" content=\"index, follow, max-snippet:-1, max-image-preview:large, max-video-preview:-1\" \/>\n<link rel=\"canonical\" href=\"https:\/\/www.bjckm.de\/index.php\/bundesjugendschreiben\/info-bjs\/textbearbeitung\/\" \/>\n<meta property=\"og:locale\" content=\"de_DE\" \/>\n<meta property=\"og:type\" content=\"article\" \/>\n<meta property=\"og:title\" content=\"Wettbewerb Textbearbeitung - BJCKM\" \/>\n<meta property=\"og:description\" content=\"Um was geht es in diesem Wettbewerb? In der Textbearbeitung geht es darum, innerhalb von 10 Minuten in einem zuvor geladenen Text m\u00f6glichst viele der auf einer Textvorlage angegebenen Korrekturen auszuf\u00fchren. Was f\u00fcr Korrekturen m\u00fcssen ausgef\u00fchrt werden? Korrekturen, die ausgef\u00fchrt werden m\u00fcssen, k\u00f6nnen z. B. Texthervorhebungen wie Fett, Unterstreichen, Kursiv, das L\u00f6schen, Ersetzenoder Verschieben von Zeichen und W\u00f6rtern oder auch\" \/>\n<meta property=\"og:url\" content=\"https:\/\/www.bjckm.de\/index.php\/bundesjugendschreiben\/info-bjs\/textbearbeitung\/\" \/>\n<meta property=\"og:site_name\" content=\"BJCKM\" \/>\n<meta property=\"article:publisher\" content=\"https:\/\/www.facebook.com\/bjckm\" \/>\n<meta property=\"article:modified_time\" content=\"2020-01-14T02:12:20+00:00\" \/>\n<meta name=\"twitter:card\" content=\"summary_large_image\" \/>\n<meta name=\"twitter:site\" content=\"@bjckm_steno\" \/>\n<meta name=\"twitter:label1\" content=\"Gesch\u00e4tzte Lesezeit\" \/>\n\t<meta name=\"twitter:data1\" content=\"2\u00a0Minuten\" \/>\n<script type=\"application\/ld+json\" class=\"yoast-schema-graph\">{\"@context\":\"https:\\\/\\\/schema.org\",\"@graph\":[{\"@type\":\"WebPage\",\"@id\":\"https:\\\/\\\/www.bjckm.de\\\/index.php\\\/bundesjugendschreiben\\\/info-bjs\\\/textbearbeitung\\\/\",\"url\":\"https:\\\/\\\/www.bjckm.de\\\/index.php\\\/bundesjugendschreiben\\\/info-bjs\\\/textbearbeitung\\\/\",\"name\":\"Wettbewerb Textbearbeitung - BJCKM\",\"isPartOf\":{\"@id\":\"https:\\\/\\\/www.bjckm.de\\\/#website\"},\"datePublished\":\"2019-08-23T15:54:06+00:00\",\"dateModified\":\"2020-01-14T02:12:20+00:00\",\"breadcrumb\":{\"@id\":\"https:\\\/\\\/www.bjckm.de\\\/index.php\\\/bundesjugendschreiben\\\/info-bjs\\\/textbearbeitung\\\/#breadcrumb\"},\"inLanguage\":\"de\",\"potentialAction\":[{\"@type\":\"ReadAction\",\"target\":[\"https:\\\/\\\/www.bjckm.de\\\/index.php\\\/bundesjugendschreiben\\\/info-bjs\\\/textbearbeitung\\\/\"]}]},{\"@type\":\"BreadcrumbList\",\"@id\":\"https:\\\/\\\/www.bjckm.de\\\/index.php\\\/bundesjugendschreiben\\\/info-bjs\\\/textbearbeitung\\\/#breadcrumb\",\"itemListElement\":[{\"@type\":\"ListItem\",\"position\":1,\"name\":\"Startseite\",\"item\":\"https:\\\/\\\/www.bjckm.de\\\/\"},{\"@type\":\"ListItem\",\"position\":2,\"name\":\"Bundesjugendschreiben\",\"item\":\"https:\\\/\\\/www.bjckm.de\\\/index.php\\\/bundesjugendschreiben\\\/\"},{\"@type\":\"ListItem\",\"position\":3,\"name\":\"Was ist das Bundesjugendschreiben?\",\"item\":\"https:\\\/\\\/www.bjckm.de\\\/index.php\\\/bundesjugendschreiben\\\/info-bjs\\\/\"},{\"@type\":\"ListItem\",\"position\":4,\"name\":\"Wettbewerb Textbearbeitung\"}]},{\"@type\":\"WebSite\",\"@id\":\"https:\\\/\\\/www.bjckm.de\\\/#website\",\"url\":\"https:\\\/\\\/www.bjckm.de\\\/\",\"name\":\"BJCKM\",\"description\":\"Bundesjugend f\u00fcr Computer, Kurzschrift und Medien\",\"publisher\":{\"@id\":\"https:\\\/\\\/www.bjckm.de\\\/#organization\"},\"potentialAction\":[{\"@type\":\"SearchAction\",\"target\":{\"@type\":\"EntryPoint\",\"urlTemplate\":\"https:\\\/\\\/www.bjckm.de\\\/?s={search_term_string}\"},\"query-input\":{\"@type\":\"PropertyValueSpecification\",\"valueRequired\":true,\"valueName\":\"search_term_string\"}}],\"inLanguage\":\"de\"},{\"@type\":\"Organization\",\"@id\":\"https:\\\/\\\/www.bjckm.de\\\/#organization\",\"name\":\"Bundesjugend f\u00fcr Computer, Kurzschrift und Medien\",\"url\":\"https:\\\/\\\/www.bjckm.de\\\/\",\"logo\":{\"@type\":\"ImageObject\",\"inLanguage\":\"de\",\"@id\":\"https:\\\/\\\/www.bjckm.de\\\/#\\\/schema\\\/logo\\\/image\\\/\",\"url\":\"https:\\\/\\\/www.bjckm.de\\\/wp-content\\\/uploads\\\/2019\\\/10\\\/cropped-logo_bjckm_farbe_text_12000x3375-e1571842379885.png\",\"contentUrl\":\"https:\\\/\\\/www.bjckm.de\\\/wp-content\\\/uploads\\\/2019\\\/10\\\/cropped-logo_bjckm_farbe_text_12000x3375-e1571842379885.png\",\"width\":583,\"height\":115,\"caption\":\"Bundesjugend f\u00fcr Computer, Kurzschrift und Medien\"},\"image\":{\"@id\":\"https:\\\/\\\/www.bjckm.de\\\/#\\\/schema\\\/logo\\\/image\\\/\"},\"sameAs\":[\"https:\\\/\\\/www.facebook.com\\\/bjckm\",\"https:\\\/\\\/x.com\\\/bjckm_steno\",\"https:\\\/\\\/www.instagram.com\\\/bjckm19\"]}]}<\/script>\n<!-- \/ Yoast SEO plugin. -->","yoast_head_json":{"title":"Wettbewerb Textbearbeitung - BJCKM","robots":{"index":"index","follow":"follow","max-snippet":"max-snippet:-1","max-image-preview":"max-image-preview:large","max-video-preview":"max-video-preview:-1"},"canonical":"https:\/\/www.bjckm.de\/index.php\/bundesjugendschreiben\/info-bjs\/textbearbeitung\/","og_locale":"de_DE","og_type":"article","og_title":"Wettbewerb Textbearbeitung - BJCKM","og_description":"Um was geht es in diesem Wettbewerb? In der Textbearbeitung geht es darum, innerhalb von 10 Minuten in einem zuvor geladenen Text m\u00f6glichst viele der auf einer Textvorlage angegebenen Korrekturen auszuf\u00fchren. Was f\u00fcr Korrekturen m\u00fcssen ausgef\u00fchrt werden? Korrekturen, die ausgef\u00fchrt werden m\u00fcssen, k\u00f6nnen z. B. Texthervorhebungen wie Fett, Unterstreichen, Kursiv, das L\u00f6schen, Ersetzenoder Verschieben von Zeichen und W\u00f6rtern oder auch","og_url":"https:\/\/www.bjckm.de\/index.php\/bundesjugendschreiben\/info-bjs\/textbearbeitung\/","og_site_name":"BJCKM","article_publisher":"https:\/\/www.facebook.com\/bjckm","article_modified_time":"2020-01-14T02:12:20+00:00","twitter_card":"summary_large_image","twitter_site":"@bjckm_steno","twitter_misc":{"Gesch\u00e4tzte Lesezeit":"2\u00a0Minuten"},"schema":{"@context":"https:\/\/schema.org","@graph":[{"@type":"WebPage","@id":"https:\/\/www.bjckm.de\/index.php\/bundesjugendschreiben\/info-bjs\/textbearbeitung\/","url":"https:\/\/www.bjckm.de\/index.php\/bundesjugendschreiben\/info-bjs\/textbearbeitung\/","name":"Wettbewerb Textbearbeitung - BJCKM","isPartOf":{"@id":"https:\/\/www.bjckm.de\/#website"},"datePublished":"2019-08-23T15:54:06+00:00","dateModified":"2020-01-14T02:12:20+00:00","breadcrumb":{"@id":"https:\/\/www.bjckm.de\/index.php\/bundesjugendschreiben\/info-bjs\/textbearbeitung\/#breadcrumb"},"inLanguage":"de","potentialAction":[{"@type":"ReadAction","target":["https:\/\/www.bjckm.de\/index.php\/bundesjugendschreiben\/info-bjs\/textbearbeitung\/"]}]},{"@type":"BreadcrumbList","@id":"https:\/\/www.bjckm.de\/index.php\/bundesjugendschreiben\/info-bjs\/textbearbeitung\/#breadcrumb","itemListElement":[{"@type":"ListItem","position":1,"name":"Startseite","item":"https:\/\/www.bjckm.de\/"},{"@type":"ListItem","position":2,"name":"Bundesjugendschreiben","item":"https:\/\/www.bjckm.de\/index.php\/bundesjugendschreiben\/"},{"@type":"ListItem","position":3,"name":"Was ist das Bundesjugendschreiben?","item":"https:\/\/www.bjckm.de\/index.php\/bundesjugendschreiben\/info-bjs\/"},{"@type":"ListItem","position":4,"name":"Wettbewerb Textbearbeitung"}]},{"@type":"WebSite","@id":"https:\/\/www.bjckm.de\/#website","url":"https:\/\/www.bjckm.de\/","name":"BJCKM","description":"Bundesjugend f\u00fcr Computer, Kurzschrift und Medien","publisher":{"@id":"https:\/\/www.bjckm.de\/#organization"},"potentialAction":[{"@type":"SearchAction","target":{"@type":"EntryPoint","urlTemplate":"https:\/\/www.bjckm.de\/?s={search_term_string}"},"query-input":{"@type":"PropertyValueSpecification","valueRequired":true,"valueName":"search_term_string"}}],"inLanguage":"de"},{"@type":"Organization","@id":"https:\/\/www.bjckm.de\/#organization","name":"Bundesjugend f\u00fcr Computer, Kurzschrift und Medien","url":"https:\/\/www.bjckm.de\/","logo":{"@type":"ImageObject","inLanguage":"de","@id":"https:\/\/www.bjckm.de\/#\/schema\/logo\/image\/","url":"https:\/\/www.bjckm.de\/wp-content\/uploads\/2019\/10\/cropped-logo_bjckm_farbe_text_12000x3375-e1571842379885.png","contentUrl":"https:\/\/www.bjckm.de\/wp-content\/uploads\/2019\/10\/cropped-logo_bjckm_farbe_text_12000x3375-e1571842379885.png","width":583,"height":115,"caption":"Bundesjugend f\u00fcr Computer, Kurzschrift und Medien"},"image":{"@id":"https:\/\/www.bjckm.de\/#\/schema\/logo\/image\/"},"sameAs":["https:\/\/www.facebook.com\/bjckm","https:\/\/x.com\/bjckm_steno","https:\/\/www.instagram.com\/bjckm19"]}]}},"_links":{"self":[{"href":"https:\/\/www.bjckm.de\/index.php\/wp-json\/wp\/v2\/pages\/77","targetHints":{"allow":["GET"]}}],"collection":[{"href":"https:\/\/www.bjckm.de\/index.php\/wp-json\/wp\/v2\/pages"}],"about":[{"href":"https:\/\/www.bjckm.de\/index.php\/wp-json\/wp\/v2\/types\/page"}],"author":[{"embeddable":true,"href":"https:\/\/www.bjckm.de\/index.php\/wp-json\/wp\/v2\/users\/2"}],"replies":[{"embeddable":true,"href":"https:\/\/www.bjckm.de\/index.php\/wp-json\/wp\/v2\/comments?post=77"}],"version-history":[{"count":1,"href":"https:\/\/www.bjckm.de\/index.php\/wp-json\/wp\/v2\/pages\/77\/revisions"}],"predecessor-version":[{"id":693,"href":"https:\/\/www.bjckm.de\/index.php\/wp-json\/wp\/v2\/pages\/77\/revisions\/693"}],"up":[{"embeddable":true,"href":"https:\/\/www.bjckm.de\/index.php\/wp-json\/wp\/v2\/pages\/59"}],"wp:attachment":[{"href":"https:\/\/www.bjckm.de\/index.php\/wp-json\/wp\/v2\/media?parent=77"}],"curies":[{"name":"wp","href":"https:\/\/api.w.org\/{rel}","templated":true}]}}